the greatest common divisor of 448 and 123438?
14
Calculate the highest common divisor of 29 and 26796.
29
What is the greatest common divisor of 3286 and 212?
106
Calculate the highest common factor of 252 and 22554.
126
What is the greatest common factor of 12 and 4798812?
12
Calculate the highest common divisor of 1800 and 168120.
360
Calculate the highest common divisor of 7360 and 5056.
64
Calculate the highest common factor of 21414 and 10578.
258
Calculate the greatest common factor of 132 and 7404.
12
What is the greatest common factor of 111032 and 40?
8
Calculate the greatest common factor of 17557 and 5792.
181
Calculate the greatest common factor of 6460 and 140.
20
Calculate the highest common divisor of 10731 and 546.
21
What is the greatest common divisor of 10467 and 12?
3
What is the greatest common factor of 2874 and 5160746?
958
What is the greatest common divisor of 18 and 4889142?
18
Calculate the highest common divisor of 27086 and 467.
467
What is the greatest common factor of 223930 and 196?
98
What is the highest common factor of 66330 and 792?
198
Calculate the highest common divisor of 152 and 209288.
8
What is the greatest common factor of 37497 and 30798?
87
What is the highest common divisor of 6181 and 56512?
883
What is the highest common divisor of 33400 and 3400?
200
Calculate the greatest common factor of 219 and 225789.
219
Calculate the greatest common divisor of 34856 and 16.
8
What is the highest common divisor of 189742 and 14?
14
Calculate the highest common factor of 2330937 and 5103.
567
What is the greatest common divisor of 98833 and 4704?
49
What is the greatest common factor of 6467 and 87?
29
Calculate the greatest common divisor of 2200 and 3564.
44
Calculate the greatest common divisor of 95961 and 87.
87
What is the highest common divisor of 21 and 5343?
3
Calculate the greatest common divisor of 3198039 and 258.
129
Calculate the highest common divisor of 22860 and 3690.
90
What is the greatest common divisor of 1249500 and 1568?
196
What is the highest common divisor of 4 and 8762?
2
What is the greatest common divisor of 69084 and 54036?
684
Calculate the highest common factor of 254430 and 195.
15
Calculate the highest common divisor of 333 and 1359.
9
Calculate the greatest common factor of 46235 and 553.
7
Calculate the highest common factor of 1515 and 255.
15
What is the greatest common factor of 59890 and 51410?
530
What is the highest common factor of 6225 and 2400?
75
Calculate the greatest common factor of 48 and 18552.
24
What is the greatest common divisor of 5134 and 16150?
34
What is the greatest common factor of 50 and 125925?
25
Calculate the highest common factor of 2201 and 93.
31
Calculate the highest common divisor of 2197 and 819.
13
What is the highest common factor of 20263 and 46?
23
What is the highest common factor of 8918 and 28?
14
What is the highest common factor of 1408 and 2046?
22
Calculate the greatest common divisor of 26970 and 105.
15
What is the greatest common factor of 134607 and 33?
33
What is the highest common divisor of 4113 and 271001?
457
What is the greatest common factor of 175248 and 16?
16
What is the greatest common factor of 1570 and 5080?
10
Calculate the greatest common divisor of 144431 and 2632.
329
Calculate the highest common factor of 232 and 9889.
29
Calculate the highest common divisor of 100204 and 100.
4
Calculate the greatest common divisor of 7078973 and 6908.
1727
Calculate the greatest common divisor of 23437 and 69.
23
What is the greatest common divisor of 1243 and 22?
11
What is the highest common divisor of 11977 and 812?
203
Calculate the highest common divisor of 7368 and 11359.
307
Calculate the greatest common factor of 8100 and 9540.
180
Calculate the highest common factor of 1315 and 1486739.
263
What is the greatest common factor of 86482 and 2552?
22
Calculate the highest common factor of 253 and 95777.
11
What is the highest common divisor of 841 and 16?
1
Calculate the greatest common divisor of 16605 and 2870.
205
Calculate the greatest common divisor of 176096 and 288.
32
Calculate the greatest common factor of 5 and 14245.
5
What is the highest common divisor of 1529651 and 157?
157
What is the highest common divisor of 20 and 27500?
20
Calculate the greatest common factor of 63968 and 200.
8
What is the highest common factor of 672497 and 322?
161
What is the highest common factor of 129636 and 2340?
468
Calculate the highest common factor of 11305 and 850.
85
Calculate the highest common divisor of 1449 and 8533.
161
What is the greatest common factor of 494578 and 616?
14
What is the highest common divisor of 795 and 141351?
159
Calculate the greatest common divisor of 146886 and 6.
6
Calculate the highest common divisor of 892 and 3065358.
446
What is the greatest common divisor of 114304 and 5624?
152
What is the greatest common divisor of 2484 and 5980?
92
What is the greatest common factor of 187782 and 39984?
714
Calculate the greatest common factor of 47432 and 126.
14
What is the greatest common divisor of 420 and 50596?
28
What is the greatest common divisor of 77 and 1372987?
77
What is the highest common divisor of 284252 and 716?
716
What is the highest common divisor of 1650 and 2343?
33
Calculate the greatest common factor of 88732 and 364.
28
What is the greatest common divisor of 7955376 and 352?
176
Calculate the highest common divisor of 22 and 73768.
2
Calculate the highest common factor of 33 and 27742.
11
Calculate the highest common factor of 41943 and 1488.
93
What is the highest common divisor of 14 and 56294?
14
Calculate the greatest common factor of 40656 and 3993.
363
What is the highest common divisor of 25 and 28020050?
25
Calculate the greatest common factor of 3 and 610593.
3
What is the greatest common factor of 212 and 180094?
106
What is the highest common divisor of 1771 and 326623?
253
Calculate the greatest common factor of 2697144 and 1476.
492
Calculate the greatest common factor of 219 and 33653.
73
Calculate the greatest common factor of 396404 and 7232.
452
Calculate the greatest common divisor of 7470 and 954.
18
What is the highest common factor of 10500 and 7?
7
Calculate the highest common factor of 31100 and 600.
100
What is the greatest common factor of 420 and 501120?
60
Calculate the greatest common factor of 4416 and 5106.
138
What is the greatest common factor of 505204 and 308?
28
Calculate the greatest common factor of 4729 and 2.
1
What is the highest common divisor of 25498 and 126148?
1342
Calculate the greatest common divisor of 5066 and 18190.
34
What is the highest common factor of 32 and 6104?
8
Calculate the highest common factor of 34554 and 234.
78
What is the greatest common factor of 403239 and 89931?
2901
Calculate the greatest common divisor of 11209 and 682.
11
What is the highest common divisor of 377720 and 320?
40
What is the highest common divisor of 864 and 40932?
108
What is the greatest common factor of 9275 and 34715?
265
Calculate the greatest common factor of 21 and 2380343.
7
Calculate the highest common divisor of 5542452 and 228.
228
What is the greatest common factor of 60 and 243228?
12
Calculate the highest common divisor of 244 and 3294.
122
Calculate the greatest common factor of 2805 and 345.
15
What is the greatest common factor of 1175 and 1600?
25
What is the highest common factor of 711 and 246954?
237
Calculate the highest common factor of 66510 and 810.
90
What is the highest common divisor of 155 and 117060?
5
What is the highest common divisor of 3 and 12444?
3
Calculate the greatest common divisor of 71326 and 152.
38
What is the greatest common factor of 1155166 and 470?
94
What is the highest common factor of 855 and 65493?
171
Calculate the highest common divisor of 22 and 96052.
22
Calculate the greatest common factor of 546 and 104871.
39
What is the highest common factor of 68846 and 58?
58
What is the greatest common factor of 15 and 2000?
5
Calculate the greatest common factor of 53263 and 245.
49
Calculate the greatest common divisor of 9916 and 111888.
148
Calculate the highest common divisor of 1623774 and 24.
6
Calculate the greatest common divisor of 24702 and 276.
138
What is the greatest com